hen 17841 is divided by 687.
666
What is the remainder when 25009 is divided by 2500?
9
What is the remainder when 257 is divided by 249?
8
Calculate the remainder when 8994 is divided by 176.
18
What is the remainder when 10789 is divided by 257?
252
Calculate the remainder when 71716 is divided by 20.
16
What is the remainder when 94714 is divided by 1503?
25
Calculate the remainder when 2342 is divided by 463.
27
What is the remainder when 98206 is divided by 18?
16
What is the remainder when 468863 is divided by 113?
26
Calculate the remainder when 176825 is divided by 100.
25
Calculate the remainder when 617 is divided by 522.
95
What is the remainder when 5191 is divided by 4346?
845
What is the remainder when 70647 is divided by 290?
177
Calculate the remainder when 2002526 is divided by 601.
595
Calculate the remainder when 1814 is divided by 838.
138
What is the remainder when 9176 is divided by 6?
2
Calculate the remainder when 250792 is divided by 1475.
42
Calculate the remainder when 393117 is divided by 12.
9
What is the remainder when 872039 is divided by 338?
337
What is the remainder when 316546 is divided by 324?
322
Calculate the remainder when 16366 is divided by 65.
51
Calculate the remainder when 441 is divided by 24.
9
Calculate the remainder when 1838 is divided by 110.
78
Calculate the remainder when 35590 is divided by 141.
58
Calculate the remainder when 9269 is divided by 225.
44
Calculate the remainder when 43576 is divided by 14523.
7
Calculate the remainder when 8652 is divided by 432.
12
Calculate the remainder when 71483 is divided by 47.
43
Calculate the remainder when 95899 is divided by 806.
791
What is the remainder when 62749 is divided by 31297?
155
Calculate the remainder when 46576 is divided by 761.
155
Calculate the remainder when 9213 is divided by 9186.
27
What is the remainder when 2089 is divided by 2043?
46
What is the remainder when 46407 is divided by 42?
39
What is the remainder when 223174 is divided by 73?
13
What is the remainder when 1846 is divided by 80?
6
Calculate the remainder when 810 is divided by 382.
46
Calculate the remainder when 100692 is divided by 5594.
0
Calculate the remainder when 139604 is divided by 29.
27
Calculate the remainder when 94521 is divided by 626.
621
Calculate the remainder when 795 is divided by 304.
187
Calculate the remainder when 17008 is divided by 11.
2
Calculate the remainder when 4119 is divided by 441.
150
What is the remainder when 31325 is divided by 6?
5
Calculate the remainder when 94505 is divided by 1.
0
Calculate the remainder when 11085 is divided by 284.
9
Calculate the remainder when 19454 is divided by 1609.
146
What is the remainder when 896385 is divided by 58?
53
What is the remainder when 1213 is divided by 5?
3
Calculate the remainder when 952 is divided by 144.
88
What is the remainder when 36633 is divided by 80?
73
What is the remainder when 266508 is divided by 57?
33
What is the remainder when 107208 is divided by 142?
140
What is the remainder when 8445 is divided by 7472?
973
Calculate the remainder when 33880 is divided by 207.
139
Calculate the remainder when 313342 is divided by 8.
6
Calculate the remainder when 34639 is divided by 2309.
4
What is the remainder when 21131 is divided by 10556?
19
What is the remainder when 1577568 is divided by 95?
93
What is the remainder when 297344 is divided by 75?
44
What is the remainder when 80517 is divided by 244?
241
What is the remainder when 4930 is divided by 233?
37
Calculate the remainder when 16644 is divided by 308.
12
Calculate the remainder when 130906 is divided by 18699.
13
What is the remainder when 151947 is divided by 9496?
11
What is the remainder when 3277 is divided by 351?
118
What is the remainder when 408291 is divided by 27?
24
Calculate the remainder when 3428 is divided by 1516.
396
Calculate the remainder when 39918 is divided by 75.
18
Calculate the remainder when 4519 is divided by 411.
409
Calculate the remainder when 3352 is divided by 104.
24
What is the remainder when 1113 is divided by 355?
48
Calculate the remainder when 46043 is divided by 299.
296
What is the remainder when 4245 is divided by 447?
222
Calculate the remainder when 5219 is divided by 187.
170
Calculate the remainder when 28897 is divided by 340.
337
What is the remainder when 5687569 is divided by 310?
309
What is the remainder when 1850 is divided by 289?
116
What is the remainder when 14220 is divided by 37?
12
Calculate the remainder when 6353 is divided by 418.
83
What is the remainder when 900 is divided by 210?
60
Calculate the remainder when 613448 is divided by 327.
323
Calculate the remainder when 3583 is divided by 26.
21
What is the remainder when 4935 is divided by 1630?
45
What is the remainder when 10898 is divided by 2178?
8
Calculate the remainder when 6537 is divided by 60.
57
Calculate the remainder when 5149 is divided by 5.
4
What is the remainder when 32002 is divided by 119?
110
What is the remainder when 93079 is divided by 56?
7
What is the remainder when 18482 is divided by 76?
14
What is the remainder when 111476 is divided by 1432?
1212
Calculate the remainder when 5090 is divided by 4.
2
What is the remainder when 431 is divided by 176?
79
Calculate the remainder when 3220 is divided by 37.
1
Calculate the remainder when 13036 is divided by 161.
156
Calculate the remainder when 9864 is divided by 2100.
1464
Calculate the remainder when 7174 is divided by 12.
10
What is the remainder when 3575 is divided by 222?
23
What is the remainder when 83029 is divided by 323?
18
What is the remainder when 1174 is divided by 102?
52
What is the remainder when 3259 is divided by 168?
67
What is the remainder when 106992 is divided by 106991?
1
Calculate the remainder when 491867 is divided by 156.
155
Calculate the remainder when 10376 is divided by 231.
212
Calculate the remainder when 5285 is divided by 1319.
9
What is the remainder when 1209333 is divided by 1229?
1226
Calculate the remainder when 3484 is divided by 267.
13
What is the remainder when 89438 is divided by 40?
38
What is the remainder when 602 is divided by 167?
101
What is the remainder when 2313 is divided by 2310?
3
Calculate the remainder when 4923 is divided by 133.
2
What is the remainder when 817922 is divided by 4173?
14
What is the remainder when 971 is divided by 142?
119
What is the remainder when 230652 is divided by 723?
15
Calculate the remainder when 4648 is divided by 231.
28
Calculate the remainder when 517590 is divided by 28.
10
Calculate the remainder when 26798 is divided by 102.
74
Calculate the remainder when 5152 is divided by 1030.
2
Calculate the remainder when 948 is divided by 467.
14
Calculate the remainder when 132228 is divided by 19.
7
Calculate the remainder when 15915 is divided by 7.
4
Calculate the remainder when 6982 is divided by 150.
82
What is the remainder when 153882 is divided by 17?
15
What is the remainder when 15000 is divided by 1684?
1528
What is the remainder when 11300 is divided by 169?
146
What is the remainder when 24824 is divided by 124?
24
Calculate the remainder when 5193 is divided by 1203.
381
What is the remainder when 49884 is divided by 114?
66
Calculate the remainder when 324796 is divided by 1203.
1189
What is the remainder when 126859 is divided by 463?
460
What is the remainder when 4368 is divided by 4351?
17
Calculate the remainder when 3239 is divided by 93.
77
Calculate the remainder when 117348 is divided by 924.
0
What is the remainder when 29066 is divided by 39?
11
Calculate the remainder when 338 is divided by 6.
2
What is the remainder when 54906 is divided by 3430?
26
Calculate the remainder when 9751190 is divided by 1276.
1274
What is the remainder when 341997 is divided by 250?
247
Calculate the remainder when 99349 is divided by 21.
19
Calculate the remainder when 334 is divided by 172.
162
Calculate the remainder when 12055 is divided by 251.
7
What is the remainder when 49865 is divided by 5?
0
What is the remainder when 1494 is divided by 187?
185
Calculate the remainder when 175862 is divided by 494.
492
Calculate the remainder when 7120 is divided by 117.
100
What is the remainder when 5405 is divided by 1787?
44
